a(-10). Let c be d/(-4) - (-744)/32. Suppose -5*h + 4*f = -c, h - 1 = -0*f + 2*f. What is the units digit of h?
7
Suppose 7*k + 45 = 2*k. Let u = -4 - k. What is the units digit of u?
5
Let d(i) = -5*i - 8. Let x(c) = -6*c - 9. Let m(s) = -5*d(s) + 4*x(s). Let o be m(-5). Let n = 3 - o. What is the units digit of n?
4
Let q = -143 + 202. What is the units digit of q?
9
Let b(h) = 2*h**2 - 2*h. Let n be b(2). Suppose -3*t + 23 + n = 0. What is the units digit of t?
9
Suppose 2 = a - 1. Suppose -2*s + 225 = a*s. Suppose 0 = 5*c + b - s, -c - c - 2*b + 10 = 0. What is the tens digit of c?
1
Let b = -4 + 22. What is the units digit of b?
8
Suppose -1135 = -5*z + 5*v, 2*z - 3*v = 2*v + 454. What is the units digit of z?
7
Let a = 50 + 63. What is the units digit of a?
3
What is the units digit of 28*2 + (-5 - 12/(-3))?
5
Suppose -4*n - 5*k + 163 = -0*k, 0 = 4*k + 4. Let z = 60 - n. What is the units digit of z?
8
Suppose 0 = 5*t, 7*m - 2*m = t + 145. Suppose -3*d + 5 = k, -5*k = 4*d - 29 - m. What is the units digit of k?
4
Let n(w) = w**3 - w**2. Let c be n(2). Let b = 1 + -4. Let p = c + b. What is the units digit of p?
1
Suppose 2*x - 5*x = -3*g + 765, 5*g + x - 1263 = 0. What is the units digit of g?
3
Suppose 4*q - 220 - 184 = 0. What is the hundreds digit of q?
1
Suppose 0 = -3*o - o. Let a = o + 0. Suppose 2*f = 3*h + 20, a = 4*f + f - 5*h - 45. What is the units digit of f?
7
Let f be 10/(1 + (-1)/(-1)). Suppose -l = 2*d + 4*l - 7, 2*d - f*l = 17. What is the units digit of d?
6
Suppose 3*l + 7 - 13 = 0. What is the units digit of l?
2
Let n(j) = -j**3 - 11*j**2 + 9*j - 14. Let d be n(-12). Let b = -9 + d. What is the tens digit of b?
1
Let s be ((-15)/(-9))/(1/3). Let g(z) = 8*z - 7*z**2 + s*z**3 + 3 - z**3 - 5*z**3. What is the units digit of g(-8)?
3
Suppose v - 8 = -v. Suppose 2*x - 21 = w + 4*w, v*x + w = 9. Suppose 0 = x*o + 3 - 18. What is the units digit of o?
5
Suppose 6 = l - 3*l. Let m be (2 - 1)/(l/9). What is the units digit of (m - (-2 + 1)) + 10?
8
Let d(c) = c**2 + 7. Suppose 4*i = -4*v - 12, 0*v + 2*v + 3 = -5*i. Let f be (-2)/v*(1 + -1). What is the units digit of d(f)?
7
Let a = 7 + -7. Let b be 0 + a + 3 - -45. What is the units digit of (b/(-56))/(2/(-14))?
6
Suppose -3*d + 45 = -24. What is the units digit of d?
3
Suppose 3*d + 4 = -86. What is the units digit of (3/(-2))/(9/d)?
5
Let m = -22 - -13. Let d(i) = -2*i - 2*i + 2*i - 11. What is the units digit of d(m)?
7
Let z = 38 + -21. What is the tens digit of z?
1
Let m = -52 + 110. What is the units digit of m?
8
Suppose -4*a + 2 = -18. Suppose -13 = -a*t + 47. Suppose 0*u - u = -t. What is the tens digit of u?
1
Let v be (-6)/21 - (-9)/7. Suppose -v - 9 = -5*x + 5*o, 5*x = -4*o + 46. What is the units digit of x?
6
Suppose -4*b = 5*g + 32, 15 - 3 = -4*b. Let o(x) = x**3 + 6*x**2 + 5*x - 4. What is the units digit of o(g)?
8
Suppose 0 = -32*y + 28*y + 76. What is the units digit of y?
9
Suppose 9 = -5*k + 4. Let o(b) = -b**3 - 5*b**2 - 5*b + 3. Let r be o(-4). Let s = k + r. What is the units digit of s?
6
Let y(q) = 6*q**2 + 4*q - 5. Let u(j) = -j**2 - j + 1. Let h(l) = 5*u(l) + y(l). What is the units digit of h(3)?
6
Let f = 14 - -5. Suppose 2*a + 3*k = f, 0*a + 2*a - 25 = -k. What is the units digit of a?
4
Let n(c) = -c**3 - 12*c**2 + 4. Let j be n(-12). Suppose j*v + 28 = 176. What is the tens digit of v?
3
Let c = 26 + -11. Suppose 3*b + 2*s + 3*s = c, s - 5 = -b. What is the units digit of b?
5
Suppose 6*i - 73 = -1. What is the tens digit of i?
1
Let m = -125 - -298. What is the hundreds digit of m?
1
Suppose -3*x - 5 + 20 = 0. What is the units digit of x?
5
Let d be ((-2)/1 - -2)/(-2). Suppose d = 5*a - 0 - 25. Suppose 0*j = j - a. What is the units digit of j?
5
Let u = 208 - 115. Suppose 0 = -i + 4*i - u. What is the units digit of i?
1
Suppose 8*g - 3*g - 165 = 0. What is the units digit of g?
3
Suppose 0 = 12*p - 11*p - 144. What is the tens digit of p?
4
Let s(t) = 6 - 1 + t**2 + 2*t + 0*t**2. Let a be 5 - 305/35 - 2/7. What is the tens digit of s(a)?
1
Let n(t) = 20*t**2 + 2*t + 1. What is the tens digit of n(-1)?
1
Let d = 10 + 48. What is the tens digit of d?
5
What is the units digit of (-27)/6*(-20)/2?
5
Let i(o) = o - 2. Let n be i(0). What is the tens digit of 1*-8*n/1?
1
Suppose 3*i + w = -2*i + 310, -w = 5. What is the units digit of i?
3
Suppose -l = -4*l. Let d = l - 3. Let s(c) = -c**2 - 6*c - 3. What is the units digit of s(d)?
6
Suppose -392 = -4*m + 4*h, h = -2*m + m + 108. What is the tens digit of m?
0
Suppose 2*h - 36 = 30. Suppose -5*w + 12 = -2*u - h, -3*w + 3*u + 18 = 0. What is the tens digit of w?
1
Let r(f) = -f**3 - 2*f**2 + 1. Let l be r(-2). Suppose 4*o - 3*o - 5 = -q, -5*q + 5*o = 25. Let v = q + l. What is the units digit of v?
1
Suppose -3*o + 5*o - 124 = -p, 0 = o - 3*p - 48. Suppose -o = 4*s + s. What is the units digit of s*(2 + (-16)/6)?
8
Let c(m) = -m + 7. Let x be c(4). Suppose x*z + 2*z + 10 = 0. What is the units digit of (z/3)/(1/(-18))?
2
Suppose 0*v - 4*v = 2*d - 2, 0 = -2*v + 4*d - 4. Let k = 3 + v. What is the units digit of k?
3
Suppose 0 + 5 = -5*p + 3*a, -4 = 3*p - 2*a. Let j be p*1 + 7 + -4. Suppose 0 = j*k + 18 - 48. What is the units digit of k?
6
Let v be (-6)/24 + 51/(-4). Let t be (-1)/2*(1 + v). Suppose 2*q = 3*q - t. What is the units digit of q?
6
Let g(z) = 2*z**2 - z - 2. Let v be g(2). Suppose 0 = -3*s - 5*m + 53 - 17, -v*s = -3*m - 48. What is the tens digit of s?
1
Let t(a) = -a**3 + a + 3. Let i = 0 + 0. Let d be t(i). Suppose -5*u = -d*u - 20. What is the tens digit of u?
1
Let y be 2/(-6) - (-299)/(-39). Let j be ((-27)/(-6))/((-1)/(-2)). Let l = y + j. What is the units digit of l?
1
Let m(z) be the first derivative of z**4/4 + 4*z**3/3 + z**2/2 + 3. What is the units digit of m(-2)?
6
Let u be 1*(-6 - -3) - 47. Let f = u - -82. What is the tens digit of f?
3
Let b = 2 + -6. Let i be (-1)/2*0/b. Suppose -l - 2*w + i*w = -8, w = -l + 9. What is the tens digit of l?
1
Let b(k) = 3*k + 8. Let c(j) = -9*j - 24. Let w(o) = 11*b(o) + 4*c(o). What is the tens digit of w(-8)?
1
Let b = 0 - 4. Let i = 0 - b. What is the units digit of i?
4
Let c = -2 - 7. Let u = c - -24. What is the units digit of u?
5
Let h = 45 + -67. Let t = h - -39. What is the units digit of t?
7
Let m = 325 + -171. What is the hundreds digit of m?
1
Let s(x) = x**2 + 2*x - 4. Let t be s(-5). Let a(p) = -7*p + 9. Let g be a(t). What is the units digit of g/(-16) - 2/8?
4
Let p = 0 + 0. Let c be (-1 - (p - 2)) + 0. Suppose -3 = -l - c. What is the units digit of l?
2
Let q(o) = 17*o**2 - o + 1. Let i be q(1). Let h = 5 + i. What is the units digit of h?
2
Suppose -2*x - 2*x + 384 = -4*n, -2*x - 2*n + 196 = 0. What is the tens digit of x?
9
Let q(b) = 4*b - 2. Let w(f) be the third derivative of -f**4/12 - 2*f**3/3 + f**2. Let s be w(-3). What is the units digit of q(s)?
6
Suppose -4*j = 4*t - 16, 0 = -5*j - 2*t + t + 28. Suppose -j = 5*w - 36. What is the units digit of w?
6
Let r(k) = k**3 - k + 2. What is the units digit of r(0)?
2
Suppose 27 = 4*v - n, 3*v - 2*v = 3*n + 15. Let t(g) = -g**3 + 5*g**2 + 8*g + 5. What is the units digit of t(v)?
7
Let x = -5 + 5. Let n = 2 + x. Suppose 0 = -n*g + 3 + 3. What is the units digit of g?
3
Let s be (20/(-25))/((-2)/(-10)). Suppose -y - 2*y + 26 = -5*j, -36 = 3*j + 5*y. Let q = s - j. What is the units digit of q?
3
Suppose 35 = 3*j + 5*u, j + 2*u = -2*u + 7. Let x = 4 + j. What is the units digit of x?
9
Let o(l) = l**2 + 6*l + 6. Let p be o(-4). Let z = p + 7. What is the units digit of z?
5
Let o = -7 + 12. Suppose -o*b + 325 = -w, -4*b + w + 254 = -w. Suppose 0 = -3*f + 3*x + b, 2*x = -3*f - 0*f + 41. What is the tens digit of f?
1
What is the units digit of (1/1)/((-864)/124 - -7)?
1
Let b(r) = 6*r**2 - 21*r - 120. What is the tens digit of b(-7)?
2
Let p = 34 + -57. Let c = p + 15. Let o = c + 13. What is the units digit of o?
5
Suppose -4*n = 3*d + 7, -14 = -2*n - 0*d + 2*d. Let y be 8/6*(-15)/(-2). Suppose -n = -3*r + y. What is the units digit of r?
4
Let v be (4 + (-4 - -1))*17. Let j = v - 4. What is the units digit of j?
3
Suppose -q - 26 = -3*q. Suppose 3 + q = 2*a. What is the units digit of a?
8
Suppose 4*f - 17 = 19. Let s = f - 5. Suppose -s*x + 5 = -7. What 